{"id":467,"date":"2023-01-10T02:10:18","date_gmt":"2023-01-10T02:10:18","guid":{"rendered":"https:\/\/juventudeemtransicao.pt\/?page_id=467"},"modified":"2023-03-28T23:27:33","modified_gmt":"2023-03-28T23:27:33","slug":"glossario","status":"publish","type":"page","link":"https:\/\/juventudeemtransicao.pt\/index.php\/glossario\/","title":{"rendered":"Gloss\u00e1rio"},"content":{"rendered":"\t\t<div data-elementor-type=\"wp-page\" data-elementor-id=\"467\" class=\"elementor elementor-467\" data-elementor-post-type=\"page\">\n\t\t\t\t\t\t<section class=\"elementor-section elementor-top-section elementor-element elementor-element-4bf5849d elementor-section-boxed elementor-section-height-default elementor-section-height-default\" data-id=\"4bf5849d\" data-element_type=\"section\">\n\t\t\t\t\t\t<div class=\"elementor-container elementor-column-gap-default\">\n\t\t\t\t\t<div class=\"elementor-column elementor-col-100 elementor-top-column elementor-element elementor-element-25d6ea0d\" data-id=\"25d6ea0d\" data-element_type=\"column\">\n\t\t\t<div class=\"elementor-widget-wrap elementor-element-populated\">\n\t\t\t\t\t\t<section class=\"elementor-section elementor-inner-section elementor-element elementor-element-203c4025 elementor-section-boxed elementor-section-height-default elementor-section-height-default\" data-id=\"203c4025\" data-element_type=\"section\">\n\t\t\t\t\t\t<div class=\"elementor-container elementor-column-gap-default\">\n\t\t\t\t\t<div class=\"elementor-column elementor-col-100 elementor-inner-column elementor-element elementor-element-3825abd5\" data-id=\"3825abd5\" data-element_type=\"column\">\n\t\t\t<div class=\"elementor-widget-wrap elementor-element-populated\">\n\t\t\t\t\t\t<div class=\"elementor-element elementor-element-4081b4f4 elementor-widget elementor-widget-text-editor\" data-id=\"4081b4f4\" data-element_type=\"widget\" data-widget_type=\"text-editor.default\">\n\t\t\t\t<div class=\"elementor-widget-container\">\n\t\t\t\t\t\t\t\t\t<p><span style=\"color: #ff00ff;\"><strong>AFAB<\/strong>:<\/span><br \/>Acr\u00f3nimo para \u201cassigned female at birth\u201d, um termo descritivo para designar sexo biol\u00f3gico feminino ao nascer.<\/p><p><strong><span style=\"color: #ff00ff;\">AMAB:<\/span><br \/><\/strong>Acr\u00f3nimo para \u201cassigned male at birth\u201d, um termo descritivo para designar sexo biol\u00f3gico masculino ao nascer.<\/p><p><span style=\"color: #ff00ff;\"><strong>ASD (Autism spectrum disorder) (<\/strong><\/span><span style=\"color: #ff00ff;\">Transtorno do Espectro do Autismo (TEA)<\/span><em>:<br \/><\/em>Estudos v\u00e1rios comprovam que pessoas com TEA t\u00eam mais predisposi\u00e7\u00e3o para sofrer com depress\u00e3o e disforia de g\u00e9nero. \u00a0<\/p><p><span style=\"color: #ff00ff;\"><strong>Autoginepilia<\/strong> (AGP):<\/span><br \/>A autoginefilia \u00e9 uma fixa\u00e7\u00e3o sexual experimentada por alguns homens que ficam sexualmente excitados ao se imaginarem como mulheres, seja atrav\u00e9s de vestu\u00e1rio ou agindo de forma feminina.<\/p><p><span style=\"color: #ff00ff;\"><strong>Body Dysmorphia <\/strong>(Dismorfia Corporal):<\/span><br \/>O Transtorno Dism\u00f3rfico Corporal (TDC) \u00e9 um dist\u00farbio de sa\u00fade mental na qual a pessoa fica completamente obcecada com uma aparente \u201cfalha\u201d percecionada no seu corpo que considera feia ou deformada. <br \/>\u00c9 frequente as pessoas que sofrem com TDC fazerem cirurgias pl\u00e1sticas ou outros meios que consideram \u201ccorretivos\u201d para eliminar o suposto defeito que t\u00eam em parte do corpo. Pessoas que lutam com transtornos alimentares muitas vezes tamb\u00e9m padecem com transtorno dism\u00f3rfico corporal.<br \/>O TDC \u00e9 um dos muitos problemas de sa\u00fade mental cujos sintomas s\u00e3o frequentemente mal interpretados como sendo provocados \u200b\u200bpor disforia de g\u00e9nero.<\/p><p><span style=\"color: #ff00ff;\"><strong>Cisgender <\/strong>(Cisg\u00e9nero):<\/span><br \/>Muitas vezes abreviado como \u201ccis\u201d. Algu\u00e9m cuja identidade de g\u00e9nero corresponde \u00e0s expectativas com base no sexo com que nasceu.<\/p><p><strong><span style=\"color: #ff00ff;\">Despersonaliza\u00e7\u00e3o\/Desrealiza\u00e7\u00e3o:<\/span><br \/><\/strong> Despersonaliza\u00e7\u00e3o e desrealiza\u00e7\u00e3o s\u00e3o tipos de sintomas dissociativos. Na despersonaliza\u00e7\u00e3o, a pessoa sente-se separada do pr\u00f3prio corpo ou de si mesma, n\u00e3o se reconhece ao espelho e assume a\u00e7\u00f5es fora de controle ou rob\u00f3ticas.<br \/>Na desrealiza\u00e7\u00e3o, a pessoa sente que alguns aspectos do seu mundo (como certas pessoas ou objetos) s\u00e3o irreais, ou sente como se estivesse em um sonho. A desrealiza\u00e7\u00e3o pode ser acompanhada por efeitos colaterais, como altera\u00e7\u00f5es na vis\u00e3o (emba\u00e7amento ou vis\u00e3o intensificada\/agu\u00e7ada), altera\u00e7\u00f5es na perspectiva f\u00edsica (sentido de percep\u00e7\u00e3o de profundidade reduzido ou aumentado) e um sentido distorcido da passagem do tempo. <br \/>Durante os epis\u00f3dios de despersonaliza\u00e7\u00e3o\/desrealiza\u00e7\u00e3o, a pessoa permanece em contato com a realidade e normalmente pode responder a eventos em seu ambiente normalmente. <br \/>Despersonaliza\u00e7\u00e3o e desrealiza\u00e7\u00e3o s\u00e3o dois dos muitos problemas de sa\u00fade mental cujos sintomas \u00e0s vezes s\u00e3o mal interpretados como sendo causados \u200b\u200bpor disforia de g\u00e9nero. Isso pode fazer com que uma pessoa com esses sintomas se autodiagnostice com disforia de g\u00e9nero ou seja diagnosticada com disforia de g\u00eanero por um terapeuta, apesar dos sintomas terem uma causa-raiz diferente.\u00a0<\/p><p><span style=\"color: #ff00ff;\"><strong>Desistence<\/strong>:<\/span><br \/>A desist\u00eancia pode ser um retorno \u00e0 identidade anterior, reidentifica\u00e7\u00e3o com o sexo de nascimento ou simplesmente deixar de se identificar como transg\u00e9nero. N\u00e3o requer necessariamente nenhuma altera\u00e7\u00e3o f\u00edsica como destransi\u00e7\u00e3o m\u00e9dica ou altera\u00e7\u00e3o na apresenta\u00e7\u00e3o.<br \/>A desist\u00eancia \u00e9 mais um processo interno baseado no senso interior do que um processo externo ou mudan\u00e7a f\u00edsica.\u00a0<\/p><p><span style=\"color: #ff00ff;\"><strong>Desister<\/strong>:<\/span><br \/>Pessoa que se identificou como transg\u00e9nero (ou n\u00e3o-bin\u00e1ria) por um per\u00edodo de tempo e que j\u00e1 n\u00e3o se identifica como tal. <br \/>A diferen\u00e7a entre um \u2018destransicionador\u2019 e um desistente \u00e9 que o primeiro seguiu medidas m\u00e9dicas para a transi\u00e7\u00e3o (como tomar hormonas ou passar por uma cirurgia), e um desistente n\u00e3o.<\/p><p><span style=\"color: #ff00ff;\"><strong>Detrans: Ver: destransi\u00e7\u00e3o<\/strong>\u00a0<strong>Detransition <\/strong>(Destransi\u00e7\u00e3o)<\/span><strong><span style=\"color: #ff00ff;\">:<\/span><br \/><\/strong>O ato de voltar a viver com o pr\u00f3prio sexo biol\u00f3gico ap\u00f3s um per\u00edodo de transi\u00e7\u00e3o m\u00e9dica para o sexo\/g\u00e9nero oposto. Embora muitos aspectos da transi\u00e7\u00e3o m\u00e9dica n\u00e3o sejam revers\u00edveis como mastectomias ou remo\u00e7\u00e3o de \u00f3rg\u00e3os reprodutivos, alguns aspectos s\u00e3o revers\u00edveis. <br \/>A maneira mais comum para se fazer a destransi\u00e7\u00e3o \u00e9 interromper a terapia de reposi\u00e7\u00e3o hormonal (TRH). Tal ir\u00e1 permitir recuperar os n\u00edveis hormonais normais do sexo biol\u00f3gico. Se as g\u00f4nadas (ov\u00e1rios ou test\u00edculos) permaneceram intactas, simplesmente interromper o uso cont\u00ednuo de HRT permitir\u00e1 que o corpo continue a produ\u00e7\u00e3o normal de horm\u00f4nios. <br \/>Se os \u00f3rg\u00e3os reprodutivos foram removidos, o indiv\u00edduo ser\u00e1 obrigado a usar horm\u00f4nios sint\u00e9ticos de seu sexo biol\u00f3gico durante toda a sua vida.<\/p><p><span style=\"color: #ff00ff;\"><strong>Diagn\u00f3stico diferencial<\/strong>:<\/span> <br \/>O processo de diferencia\u00e7\u00e3o entre duas ou mais condi\u00e7\u00f5es que compartilham sinais, sintomas ou apresenta\u00e7\u00e3o semelhantes. Isso \u00e9 feito para evitar que uma pessoa seja submetida a tratamento m\u00e9dico ou psiqui\u00e1trico por uma condi\u00e7\u00e3o que n\u00e3o seja realmente a causa-ra\u00edz de seus sintomas. <br \/>No contexto da medicina trans, o diagn\u00f3stico diferencial pode envolver a triagem de um paciente para condi\u00e7\u00f5es como transtorno dism\u00f3rfico corporal, PTSD, transtornos dissociativos e TOC, para determinar se seus sintomas de disforia podem estar enraizados em uma ou mais dessas condi\u00e7\u00f5es e oferecer tratamento apropriado. <br \/>O diagn\u00f3stico diferencial \u00e9 um tema controverso na medicina trans. Muitos destransicionistas acreditam que poderiam ter evitado a transi\u00e7\u00e3o (e cirurgias amputativas) se tivessem recebido um diagn\u00f3stico diferencial em vez de ter a transi\u00e7\u00e3o m\u00e9dica como a \u00fanica op\u00e7\u00e3o para al\u00edvio de seus sintomas.<br \/>Alguns ativistas transg\u00e9neros acreditam que o diagn\u00f3stico diferencial n\u00e3o deve ser oferecido a pacientes disf\u00f3ricos, porque \u00e9 visto como algo que invalida a identidade do paciente.\u00a0<\/p><p><span style=\"color: #ff00ff;\"><strong>Dialectical behaviour therapy (DBT)<\/strong> (Terapia Comportamental Dial\u00e9tica):<\/span> <br \/>Baseada na terapia cognitivo-comportamental (TCC) mas especialmente adaptado para pessoas que sentem emo\u00e7\u00f5es de forma muito intensa,a DBT tem por principais objetivos ensinar as pessoas a viver o momento, desenvolver maneiras saud\u00e1veis \u200b\u200bde lidar com o stresse, regular as suas emo\u00e7\u00f5es e melhorar os seus relacionamentos com os outros.<br \/>O DBT foi originalmente delineado para tratar o Borderline mas tem sido adaptado para tratar pessoas com dificuldade de regula\u00e7\u00e3o emocional ou que apresentam comportamentos autodestrutivos (como transtornos alimentares e transtornos por uso de subst\u00e2ncias). Este tipo de terapia tamb\u00e9m \u00e9 usado para tratar transtorno de stresse p\u00f3s-traum\u00e1tico.<\/p><p><strong><span style=\"color: #ff00ff;\">Dissocia\u00e7\u00e3o:<\/span><br \/><\/strong>Sensa\u00e7\u00e3o de estar separado de si mesmo, f\u00edsica ou mentalmente. Os sintomas comuns incluem sensa\u00e7\u00e3o de desconex\u00e3o do corpo, sensa\u00e7\u00e3o de estar em um sonho e perda de mem\u00f3ria. <br \/>Existem tr\u00eas tipos de transtornos dissociativos: amn\u00e9sia dissociativa, transtorno dissociativo de identidade e transtorno de despersonaliza\u00e7\u00e3o. O trauma \u00e9 a causa mais comum de dissocia\u00e7\u00e3o e dist\u00farbios dissociativos. A dissocia\u00e7\u00e3o \u00e9 um dos muitos problemas de sa\u00fade mental cujos sintomas \u00e0s vezes s\u00e3o mal interpretados como sendo causados \u200b\u200bpor disforia de g\u00eanero. Isso pode fazer com que uma pessoa com sintomas dissociativos se autodiagnostice com disforia de g\u00eanero ou seja diagnosticada com disforia de g\u00e9nero por um terapeuta, apesar dos sintomas terem uma causa-raiz diferente.\u00a0<\/p><p><span style=\"color: #ff00ff;\"><strong>Dist\u00farbios alimentares<\/strong>:<\/span><br \/>Pessoas com dist\u00farbios alimentares canalizam os problemas de sa\u00fade mental para a comida e o seu peso corporal. Os mais comuns desses dist\u00farbios incluem anorexia (restri\u00e7\u00e3o da ingest\u00e3o de alimentos), bulimia (comer em excesso\/compuls\u00e3o alimentar seguida de purga) e transtorno da compuls\u00e3o alimentar peri\u00f3dica (epis\u00f3dios de ingest\u00e3o de grandes quantidades de alimentos enquanto se sente fora de controle).<br \/>Este \u00e9 um dos v\u00e1rios problemas de sa\u00fade mental cujos sintomas \u00e0s vezes s\u00e3o mal interpretados como sendo causados \u200b\u200bpor disforia de g\u00e9nero. Isso pode fazer com que uma pessoa com transtorno alimentar se autodiagnostice com disforia de g\u00e9nero ou seja diagnosticada com disforia de g\u00e9nero por um terapeuta, apesar dos sintomas terem uma causa-raiz diferente.\u00a0<\/p><p><span style=\"color: #ff00ff;\"><strong>Estrog\u00e9nio<\/strong>:<\/span><br \/>O principal horm\u00f4nio sexual feminino e amplamente produzido pelos ov\u00e1rios. O estrog\u00e9nio contribui para a sa\u00fade geral da mulher, incluindo crescimento e densidade \u00f3ssea, al\u00e9m de regular o sistema reprodutivo. Promove o crescimento e desenvolvimento do tecido mam\u00e1rio na puberdade feminina.<br \/>O estrog\u00e9nio tamb\u00e9m \u00e9 produzido pelos homens, mas em n\u00edveis significativamente mais baixos do que nas mulheres. O estrog\u00e9nio em sua forma sint\u00e9tica \u00e9 chamado Estradiol e \u00e9 considerado id\u00eantico, em sua forma qu\u00edmica, ao estrog\u00e9nio produzido pelos ov\u00e1rios.<br \/>O estradiol \u00e9 mais frequentemente prescrito para mulheres para aliviar os sintomas da menopausa e manter a densidade \u00f3ssea. <br \/>Tamb\u00e9m \u00e9 prescrito para homens como parte da terapia hormonal feminilizante. Pode ser administrado em forma de comprimido, gel, adesivo ou injet\u00e1vel.\u00a0\u00a0<\/p><p><strong><span style=\"color: #ff00ff;\">FTM (Female to Male):<\/span><br \/><\/strong>Pessoa que nasceu com o sexo feminino e fez a transi\u00e7\u00e3o para masculino. A transi\u00e7\u00e3o pode ser meramente social ou recorrendo a cirurgias e hormonas.<\/p><p><span style=\"color: #ff00ff;\"><strong>Gender-Affirming Surgery<\/strong> (Cirurgia de Afirma\u00e7\u00e3o de G\u00e9nero ou cirurgia de Redesigna\u00e7\u00e3o Sexual):<\/span><br \/>Qualquer procedimento cir\u00fargico que visa aumentar o senso de congru\u00eancia com a identidade de g\u00e9nero e o corpo f\u00edsico de algu\u00e9m.<br \/>As cirurgias de afirma\u00e7\u00e3o de g\u00e9nero podem incluir cirurgias reconstrutivas do t\u00f3rax (por exemplo, mastectomia dupla, mamoplastia feminilizante), cirurgias reconstrutivas genitais (por exemplo, orquiectomia, vaginoplastia, metoidioplastia, faloplastia), cirurgias de feminiza\u00e7\u00e3o facial (por exemplo, depila\u00e7\u00e3o traqueal, rinoplastia, eleva\u00e7\u00e3o da sobrancelha), ou outros procedimentos (por exemplo, cirurgia das cordas vocais).<\/p><p><span style=\"color: #ff00ff;\"><strong>Gender Dysphoria <\/strong>(Disforia de g\u00e9nero):<\/span><br \/>Sofrimento emocional relacionado \u00e0 sensa\u00e7\u00e3o de que o sexo designado n\u00e3o est\u00e1 de acordo com a identidade de g\u00eanero. A disforia de g\u00eanero tamb\u00e9m \u00e9 um diagn\u00f3stico m\u00e9dico e de sa\u00fade mental que pode justificar tratamento na forma de interven\u00e7\u00f5es m\u00e9dicas de afirma\u00e7\u00e3o de g\u00eanero.<\/p><p><span style=\"color: #ff00ff;\"><strong>Gender Expression<\/strong> (Express\u00e3o de g\u00e9nero):<\/span><br \/>As formas pelas quais uma pessoa externamente expressa seu g\u00eanero, geralmente por meio de cabelo, maquiagem, roupas e outros aspectos da apar\u00eancia. A express\u00e3o de g\u00eanero nem sempre corresponde \u00e0 identidade de g\u00eanero.<\/p><p><span style=\"color: #ff00ff;\"><strong>Gender Identity<\/strong> (Identidade de G\u00e9nero):<\/span><br \/>O sentimento inerente dentro de um indiv\u00edduo de que g\u00e9nero ele \u00e9; uma pessoa pode se identificar como homem, mulher ou mover-se fluidamente entre essas duas categorias bin\u00e1rias.<\/p><p><span style=\"color: #ff00ff;\"><strong>Gender-Neutral Pronouns<\/strong> (Pronomes de g\u00e9nero neutro):<\/span><br \/>Pronomes que uma pessoa pode usar quando n\u00e3o se identifica totalmente com as categorias bin\u00e1rias de g\u00e9nero.<\/p><p><span style=\"color: #ff00ff;\"><strong>Genderqueer<\/strong>:<\/span> <br \/>Uma identidade de g\u00e9nero que denota algu\u00e9m que n\u00e3o se identifica totalmente com os g\u00e9neros bin\u00e1rios masculino\/homem\/masculino ou feminino\/mulher\/feminino. Uma pessoa genderqueer pode n\u00e3o se identificar nem como homem nem como mulher, movendo-se fluidamente entre essas duas categorias, ou como um terceiro\/alternativo g\u00e9nero.<\/p><p><span style=\"color: #ff00ff;\"><strong>Hormone Replacement Therapy (HRT)\/<\/strong>Terapia de Reposi\u00e7\u00e3o Hormonal (TRH):<\/span><br \/>Regula\u00e7\u00e3o hormonal atrav\u00e9s de medica\u00e7\u00e3o.Pessoas transg\u00e9nero e n\u00e3o transg\u00e9nero fazem TRH por v\u00e1rios motivos. Para pessoas trans, a TRH pode ser usada para ajudar a tornar as caracter\u00edsticas do corpo mais femininas ou masculinas.<br \/>As mulheres tomam testosterona para masculinizar as suas fei\u00e7\u00f5es e corpos e os homens estradiol (estrog\u00e9nio sint\u00e9tico) para se tornarem corporalmente mais femininos. A terapia hormonal s\u00f3 pode alterar as caracter\u00edsticas sexuais secund\u00e1rias de uma pessoa e n\u00e3o pode alterar o sexo biol\u00f3gico de uma pessoa.<\/p><p><span style=\"color: #ff00ff;\"><strong>Intersex<\/strong> (Intersexo):<\/span><br \/>Um termo geral usado para uma variedade de condi\u00e7\u00f5es nas quais uma pessoa nasce com caracter\u00edsticas f\u00edsicas (por exemplo, g\u00f4nadas, composi\u00e7\u00e3o cromoss\u00f3mica, genit\u00e1lia externa, \u00f3rg\u00e3os reprodutivos ou urin\u00e1rios internos) que n\u00e3o se encaixam nas defini\u00e7\u00f5es m\u00e9dicas ou sociais t\u00edpicas de mulher ou homem.<br \/>Algumas pessoas usam o termo DDS (Dist\u00farbios do Desenvolvimento Sexual) para descrever pessoas intersexuais, mas isso n\u00e3o \u00e9 visto como afirmativo pelas comunidades intersexuais.<\/p><p><strong><span style=\"color: #ff00ff;\">MTF (Male to Female):<\/span><br \/><\/strong>Pessoa que nasceu com o sexo masculino e fez a transi\u00e7\u00e3o para o sexo feminino. A transi\u00e7\u00e3o pode ser meramente social ou recorrendo a cirurgias e hormonas.<\/p><p><span style=\"color: #ff00ff;\"><strong>Metoidioplastia<\/strong>:<\/span><br \/>Cirurgia genital feita em homens trans (FTM) para criar um p\u00e9nis. A pele circundante do clit\u00f3ris \u00e9 removida e liberada do p\u00fabis para dar uma apar\u00eancia de maior comprimento. A glande aparecer\u00e1 circuncidada na maioria dos pacientes. O objetivo \u00e9 criar um p\u00e9nis, ainda que pequeno, mas de apar\u00eancia normal.<\/p><p><span style=\"color: #ff00ff;\"><strong>Nonbinary<\/strong> (N\u00e3o-bin\u00e1rio):<\/span><br \/>Uma identidade de g\u00eanero que denota algu\u00e9m que n\u00e3o se identifica totalmente com os g\u00eaneros bin\u00e1rios masculino\/homem\/masculino ou feminino\/mulher\/feminino. Uma pessoa n\u00e3o-bin\u00e1ria pode se identificar nem como homem nem como mulher, no meio, ambos, movendo-se fluidamente entre essas duas categorias, ou como um terceiro\/alternativo g\u00eanero. Relacionado ao termo <em>genderqueer<\/em>, que era usado com mais frequ\u00eancia antes da d\u00e9cada de 2010.<\/p><p><span style=\"color: #ff00ff;\"><strong>Post-traumatic stress disorder (PTSD):<\/strong><\/span> <br \/>Transtorno de stresse p\u00f3s-traum\u00e1tico \u00e9 uma condi\u00e7\u00e3o de sa\u00fade mental desencadeada por um evento aterrador, seja este vivenciado ou testemunhado. Os sintomas podem incluir flashbacks, pesadelos e ansiedade severa, bem como pensamentos incontrol\u00e1veis \u200b\u200bsobre o evento.<\/p><p><span style=\"color: #ff00ff;\"><strong>Passing<\/strong>:<\/span><br \/>Ser percecionado com o g\u00e9nero de acordo com a identidade de g\u00e9nero que se escolheu.<\/p><p><span style=\"color: #ff00ff;\"><strong>Queer<\/strong>:<\/span><br \/>Termo gen\u00e9rico para descrever as identidades LGBTQIA como um todo. Em muitas comunidades, o termo \u201cqueer\u201d tamb\u00e9m tem uma conota\u00e7\u00e3o pol\u00edtica ligada ao ativismo LGBTQIA.<\/p><p><span style=\"color: #ff00ff;\"><strong>Sexual Orientation<\/strong> (Orienta\u00e7\u00e3o Sexual):<\/span> <br \/>Maneira de descrever as atra\u00e7\u00f5es rom\u00e2nticas e\/ou sexuais de uma pessoa por outras pessoas. Alguns r\u00f3tulos para descrever a orienta\u00e7\u00e3o sexual incluem heterossexual, l\u00e9sbica, gay, bissexual, pansexual, queer ou fluido.<\/p><p><span style=\"color: #ff00ff;\"><strong>Testosterona<\/strong>:<\/span><br \/>Testosterona \u00e9 um horm\u00f4nio encontrado em maior quantidade no corpo masculino, onde atua na forma\u00e7\u00e3o dos \u00f3rg\u00e3os genitais, na produ\u00e7\u00e3o de espermatozoides, entre outras fun\u00e7\u00f5es. Estima-se que os <strong>n\u00edveis de testosterona em homens sejam dez vezes maiores<\/strong> que em mulheres (que os produzem nos ov\u00e1rios). Esse horm\u00f4nio est\u00e1 relacionado, por exemplo, com o surgimento das caracter\u00edsticas secund\u00e1rias masculinas, como a distribui\u00e7\u00e3o de pelos e aumento da massa muscular. <br \/>Nos homens trans (FTM), a testosterona traz o crescimento da barba e de p\u00ealos mais grossos pelo corpo, deixa a voz mais grossa, aumenta a libido, promove o ganho de massa muscular e pode causar o aumento do clit\u00f3ris. Alguns homens trans tamb\u00e9m desenvolvem acne e desencadeiam calv\u00edcie masculina.<\/p><p><span style=\"color: #ff00ff;\"><strong>Transgender, Trans<\/strong><strong> (<\/strong>Transg\u00e9nero, Trans):<\/span> <br \/>Pessoa que n\u00e3o se identifica totalmente com o sexo que lhe foi atribu\u00eddo no nascimento.<\/p><p><span style=\"color: #ff00ff;\"><strong>Transgender Man, Trans Man, Trans Masculine (<\/strong>Homem Transg\u00e9nero, Homem Trans):<\/span><br \/>Algu\u00e9m que nasceu com o sexo feminino e que se identifica como homem ou no espectro masculino.<\/p><p><span style=\"color: #ff00ff;\"><strong>Transgender Woman, Trans Woman, Trans Feminine<\/strong> (Mulher Transg\u00e9nero, Mulher Trans):<\/span><br \/>Algu\u00e9m que nasceu com o sexo masculino e que se identifica como mulher ou no espectro feminino.<\/p><p><span style=\"color: #ff00ff;\"><strong>Transition<\/strong> (Transi\u00e7\u00e3o):<\/span><br \/>O processo de mudan\u00e7a da identidade e\/ou express\u00e3o de g\u00e9nero. A transi\u00e7\u00e3o \u00e9 um processo que ocorre ao longo do tempo, varia muito entre os indiv\u00edduos e pode consistir em componentes f\u00edsicos\/m\u00e9dicos, emocionais, sociais e legais. N\u00e3o existe um caminho uniforme ou definido para uma pessoa que faz a transi\u00e7\u00e3o.<\/p><p><span style=\"color: #ff00ff;\"><strong>Transexual<\/strong>:<\/span><br \/>Um termo que era comumente usado antes do termo \u201ctransg\u00e9nero\u201d se tornar mais popular.<\/p>\t\t\t\t\t\t\t\t<\/div>\n\t\t\t\t<\/div>\n\t\t\t\t\t<\/div>\n\t\t<\/div>\n\t\t\t\t\t<\/div>\n\t\t<\/section>\n\t\t\t\t\t<\/div>\n\t\t<\/div>\n\t\t\t\t\t<\/div>\n\t\t<\/section>\n\t\t\t\t<\/div>\n\t\t","protected":false},"excerpt":{"rendered":"<p>AFAB:Acr\u00f3nimo para \u201cassigned female at birth\u201d, um termo descritivo para designar sexo biol\u00f3gico feminino ao nascer. AMAB:Acr\u00f3nimo para \u201cassigned male at birth\u201d, um termo descritivo para designar sexo biol\u00f3gico masculino ao nascer. ASD (Autism spectrum disorder) (Transtorno do Espectro do Autismo (TEA):Estudos v\u00e1rios comprovam que pessoas com TEA t\u00eam mais predisposi\u00e7\u00e3o para sofrer com depress\u00e3o [&hellip;]<\/p>\n","protected":false},"author":1,"featured_media":717,"parent":0,"menu_order":0,"comment_status":"closed","ping_status":"closed","template":"","meta":{"_monsterinsights_skip_tracking":false,"_monsterinsights_sitenote_active":false,"_monsterinsights_sitenote_note":"","_monsterinsights_sitenote_category":0,"_uf_show_specific_survey":0,"_uf_disable_surveys":false,"footnotes":""},"class_list":["post-467","page","type-page","status-publish","has-post-thumbnail","hentry"],"aioseo_notices":[],"_links":{"self":[{"href":"https:\/\/juventudeemtransicao.pt\/index.php\/wp-json\/wp\/v2\/pages\/467","targetHints":{"allow":["GET"]}}],"collection":[{"href":"https:\/\/juventudeemtransicao.pt\/index.php\/wp-json\/wp\/v2\/pages"}],"about":[{"href":"https:\/\/juventudeemtransicao.pt\/index.php\/wp-json\/wp\/v2\/types\/page"}],"author":[{"embeddable":true,"href":"https:\/\/juventudeemtransicao.pt\/index.php\/wp-json\/wp\/v2\/users\/1"}],"replies":[{"embeddable":true,"href":"https:\/\/juventudeemtransicao.pt\/index.php\/wp-json\/wp\/v2\/comments?post=467"}],"version-history":[{"count":16,"href":"https:\/\/juventudeemtransicao.pt\/index.php\/wp-json\/wp\/v2\/pages\/467\/revisions"}],"predecessor-version":[{"id":941,"href":"https:\/\/juventudeemtransicao.pt\/index.php\/wp-json\/wp\/v2\/pages\/467\/revisions\/941"}],"wp:featuredmedia":[{"embeddable":true,"href":"https:\/\/juventudeemtransicao.pt\/index.php\/wp-json\/wp\/v2\/media\/717"}],"wp:attachment":[{"href":"https:\/\/juventudeemtransicao.pt\/index.php\/wp-json\/wp\/v2\/media?parent=467"}],"curies":[{"name":"wp","href":"https:\/\/api.w.org\/{rel}","templated":true}]}}